) = -4*c - 19. What is v(i)?
-11
Let n(f) = -f + 7. Let v be n(4). Let k(o) = 40 - v*o - 42 + 2*o + 2*o. Let c be -6 - -2 - 1 - -3. Calculate k(c).
-4
Let d(u) be the first derivative of u**6/360 - u**4/4 + 38*u**3/3 + 4. Let f(q) be the third derivative of d(q). Suppose -11*i - 26 = -81. Calculate f(i).
19
Let u(z) = -11*z - 2. Let b(x) = 18*x + 3. Let g(y) = -3*b(y) - 5*u(y). Let j(p) = p**2 + 2*p - 24. Let w(s) = 2*g(s) - j(s). Determine w(0).
26
Let f(u) be the third derivative of -u**6/120 - 7*u**5/60 - u**4/4 - u**2. Suppose 0 = -5*t + 29*t + 7704. Let w = t + 315. Give f(w).
0
Suppose 196 - 261 = 48*k + 463. Let q(v) = v**2 + 7*v - 9. Calculate q(k).
35
Let o(q) be the third derivative of -q**4/6 - 52*q**3/3 - 47*q**2. Determine o(-27).
4
Let w(f) be the first derivative of f**6/360 - 7*f**5/120 + f**4/24 + f**3/3 - 6*f**2 + 1. Let t(a) be the third derivative of w(a). Calculate t(6).
-5
Let o = 715 + -716. Let d(a) = 37*a + 11. Let c(i) = 39*i + 13. Let w(l) = -5*c(l) + 6*d(l). Give w(o).
-26
Let n be (-7294)/28 - (-2)/4. Let x be 13/(n/24)*20/(-6). Let z(g) = 5*g**2 + 4*g + 2. Let a(m) = 2*m**2 + m + 1. Let o(l) = -8*a(l) + 3*z(l). Determine o(x).
-2
Let g = 95 - 101. Let k be 1*(0 + -6)*4/g. Suppose -k*s + 25 = 5. Let n(m) = m**3 - 6*m**2 + 7*m - 4. Give n(s).
6
Let u(b) = 12*b - 4*b - 1 + 6*b - b. Let n = -9202 - -9204. Give u(n).
25
Let m(k) = k + 57 - 61 + 5*k**2 - k**3 + k. Suppose 93*s + 95*s - 174*s - 42 = 0. Give m(s).
20
Let k(j) = -4*j**3 - 2*j**2 - 5*j + 2. Let s(d) = -d**3 + d**2 - d - 1. Let l(x) = -k(x) + 3*s(x). Let t be (9660/6762)/(10/56*-2). Determine l(t).
3
Let j(i) = i**2 - 10. Let v(l) = -l**3 + 13*l**2 + 45*l - 86. Let y be v(-4). What is j(y)?
26
Let z(a) = 10*a + 10 + 4*a - 6*a - 19*a - 11*a. Calculate z(3).
-56
Let y be 1 + (-5)/(5/(-2)). Let p(k) = 4*k**3 - 11*k**3 + 8*k**y - 4*k + 2*k + 3. Suppose -19*a - 4*v + 22 = -14*a, -5*a + 25 = 5*v. Determine p(a).
7
Let u(c) = -c + 21. Let p(w) = -7 - 2 - w + 35 - 16. Let k(i) = 5*p(i) - 2*u(i). Give k(-6).
26
Let f(v) be the first derivative of v**4/2 + v**3/3 - 3*v**2/2 - 2*v + 12. Suppose -143*c - 2 = -142*c. Determine f(c).
-8
Suppose -7*d = 14 + 21. Let a(h) be the second derivative of -h**3/6 - 2*h**2 + h. Let u be a(d). Let c(z) = 5*z. Give c(u).
5
Let y(p) = -31*p - 1. Let z(k) = -122*k + 13. Let i(c) = 4*y(c) - z(c). Determine i(-7).
-3
Suppose 2*f - 4*p = 6, 3*p - 5*p = -4*f + 36. Let k be (0/(-2) + f)*(-12 + 11). Let l(s) = 17*s**3 - 8*s**2 - 2*s**2 + 11*s - 18*s**3 - 1. Give l(k).
-1
Let n(t) = -t**2 - 435*t + 2650. Let a be n(6). Let v(q) = -2*q**3 + 6*q**2 - q - 4. Give v(a).
-40
Let j(r) be the first derivative of -57*r**2/2 - 3*r - 502. Calculate j(-1).
54
Let s(r) = 11*r + 53. Let v be s(-4). Suppose v*a - 8 + 53 = 0. Let b(u) = 2*u + 1. Calculate b(a).
-9
Suppose 362*z = 379*z + 221. Let q(n) = -n**2 - 14*n - 22. What is q(z)?
-9
Let b(h) = -98*h**3 + 174*h**3 + 9*h - 9 - 75*h**3 + 7*h**2. What is b(-5)?
-4
Let i(z) = 12*z - 42. Let a be (-38)/(-8) + 13/(936/(-54)). What is i(a)?
6
Let w(l) = -563 + 517 + 7*l - 2*l - 3*l. Suppose -5*j + 15*j = 260. Give w(j).
6
Let d(m) = -15*m**2 - 6*m - 7. Let r(t) = -16*t**2 - 5*t - 6. Let z(w) = 5*d(w) - 6*r(w). Calculate z(1).
22
Suppose 17 + 63 = -16*p. Let v(h) = 3. Let w(a) = a + 18. Let f(m) = 15*v(m) - 3*w(m). Calculate f(p).
6
Let b = -20 - -21. Let w be (24/(-6))/(-1 - b). Let i(k) = k + 1. Determine i(w).
3
Let c(h) = -8. Let t(o) = -14*o + 19. Let g = -1390 - -1388. Let a(i) = g*c(i) - t(i). Let d = -2 + 4. Calculate a(d).
25
Let b = -104 - -214. Let x = b - 111. Let o(l) = 5*l**2 - l - 1. What is o(x)?
5
Let m(n) = -2*n**3 + 2*n**2 - 4*n + 3. Let k be 2 + -5 + 26 - -4. Let h = k + -25. Suppose -h*b + 4*u = -0*b - 20, 20 = -5*u. Determine m(b).
-13
Let y be 16020/(-81) - (-2)/(-9). Let n = y + 201. Let h(s) = 2*s**2 - 2*s + 4. Determine h(n).
16
Suppose 3*t + 116 = -31. Let r = t - -59. Let j be (15/r)/((-6)/8)*1. Let b(x) = -2*x + 1. Give b(j).
5
Let w(o) be the first derivative of o**3/3 - 5*o**2/2 - 3*o - 1. Let g be (-92)/(-23)*-2*19/76. Give w(g).
11
Suppose 2*v = 5*v - 6, -2*u = 3*v + 90. Let g = u + 52. Let t(k) = 3*k - 3. Let x(r) = 2*r - 1. Let i(p) = 3*t(p) - 5*x(p). Determine i(g).
-8
Let g(x) = 1665*x + 1663*x - 13*x**2 - 15 - x**3 - 3342*x. What is g(-12)?
9
Let c(g) = -7*g**3 - 3*g**2 + 2*g + 6. Let a(r) = 23*r**3 + 8*r**2 - 5*r - 20. Let i(u) = -3*a(u) - 10*c(u). Determine i(-6).
30
Let i = 62 - 62. Suppose i = -o - 7 + 8. Let p be (24/(-16))/(-2*o/(-4)). Let y(d) = d - 1. What is y(p)?
-4
Let j = -17 - -8. Let x(h) be the third derivative of -2/15*h**5 + 0*h + 0 - 382*h**2 + 3/8*h**4 + 1/3*h**3 - 1/120*h**6. Calculate x(j).
2
Let r(n) = n - 2. Let c be r(6). Suppose 0 = -14*y - 3255 + 3297. Let l(u) = -y*u**2 + 2 + u - c + 2*u**3 + 1. Determine l(2).
5
Let a = 122 + -114. Let c(k) = k**3 - 7*k**2 - 8*k - 1. Let t be c(a). Let i be 6/((-5 - -2)/t). Let b(l) = 2*l**3 - 2*l**2 + 1. What is b(i)?
9
Let u(y) = -y**3 + 6*y**2 - 4*y. Suppose -4*i + 2*d - 1080 = -1100, 4*i - 34 = -5*d. Give u(i).
-24
Let k(v) = -3*v + 61. Let p be k(15). Suppose -4*f = x - 5, -5*x = -3*f + p + 51. Let l(g) = -g**3 - 11*g**2 + g + 12. Determine l(x).
1
Let n(i) = i**3 + 11*i**2 + 10*i - 2. Let z be n(-10). Let b(t) = 2*t**2 - 5*t - 20. Let l(f) = f**2 - 2*f - 9. Let u(h) = z*b(h) + 5*l(h). Give u(0).
-5
Suppose 4*r = -5*y - 63, 2*y - 3*r - 66 = 7*y. Let s = 20 + y. Let n(a) = s + 1 + 46*a + 42*a - 89*a. Give n(7).
-1
Let x(r) = 2*r**2 - 2*r + 6. Let s(y) = y**2 - 3*y + 8. Let u(i) = -3*i**2 + 48*i - 3. Let c be u(16). Let w(n) = c*s(n) + 4*x(n). Calculate w(-1).
4
Suppose -17*c = 3*i - 13*c - 15, -8 = i - 3*c. Let y be (i/(-3))/(4/240*-5). Let h(j) = 2*j**2 - j - 5. Determine h(y).
23
Let i = 480 - 469. Let g(c) = -11*c + 6*c + 4 - c**2 - 8 + i*c. Give g(5).
1
Let n be ((-148)/(-14))/1 - (-6)/14. Suppose -n*l + 23 = -10*l. Suppose 4*t + 5*h = 32, 4*t - 2*h + l = 9*t. Let y(m) = m**2 - 4*m + 1. Calculate y(t).
-2
Let p(g) = 6*g**2 + 10*g - 9. Let k = -25788 - -25789. Calculate p(k).
7
Let i(f) be the second derivative of -f**5/20 - f**4/2 - f**3/3 - 4*f**2 + 18*f + 1. Let m be i(-6). Let j(a) = 4*a - 1. What is j(m)?
15
Let h(a) = 65*a - 1163. Let w be h(18). Let u(c) = c - 8. Let n(j) = 1. Let t(b) = -5*n(b) + u(b). What is t(w)?
-6
Let g(h) = -h**3 - 20*h**2 - 19*h + 8. Let t be g(-19). Suppose -5*u + u - 40 = 0. Let k be 5/(u/(-14))*t/14. Let c(w) = w**3 - 6*w**2 + 5*w + 1. What is c(k)?
-11
Let m(g) = -g**3 + g**2 + 2*g + 1. Suppose 24 = 2*i + 6*n, 4*i + 20*n - 17*n - 3 = 0. Give m(i).
31
Let a(w) = w**3 + 12*w**2 - 279*w - 135. Let n be a(12). Let i(d) = d**3 + 28*d**2 + 18*d - 234. Determine i(n).
9
Let v(h) = -4*h**3 + 12*h**2 - 14*h - 27. Let p(l) = 7*l**3 - 23*l**2 + 28*l + 45. Let m(z) = -3*p(z) - 5*v(z). What is m(7)?
0
Let z(j) = 2*j**2 - j + 22. Let t(o) = o + 8. Let h(u) = -3*t(u) + z(u). Let l = 31 - 27. Calculate h(l).
14
Let w(c) = -2*c**3 - c**2 + 3*c - 3. Suppose -13*b + 10*b = -2*g + 12, -6*g + 16 = -4*b. What is w(g)?
-3
Let y(b) be the third derivative of -b**6/24 + b**5/60 - b**2. Let g(c) = -2*c**2 - 24*c - 102. Let i be g(-9). Let n be -2 + 4/i*-9*4. Determine y(n).
-4
Let b(k) = 22*k + 18*k + 11*k - 4 - 47*k + 1. Determine b(-5).
-23
Suppose 5*s - 3*u - u + 185 = 0, 5*u = 0. Let q = 43 + s. Let y(d) = -6*d**2 + 2*d**2 - 2*d**2 + d**3 + 5. Give y(q).
5
Let o(j) = -164*j - 58. Let k(b) = -138*b - 57. Let g(w) = 6*k(w) - 5*o(w). Give g(-6).
-4
Let u be 1*-5 - (-20 - 3). Let v be u/4*(88/(-24) + 3). Let a(z) = z**2 - z + 3. Calculate a(v).
15
Let b(j) = j**2 + 3*j - 2. Let t be b(-4). Suppose 2*r - 4 = -2*y, t = r + 2*r + y. Let k(h) = -2*h**2 + 4*h**3 + 8*h - 14*h + r*h**2 + 5*h. What is k(-1)?
-5
Let w(s) = 4*s + 5. Suppose -8*i - 244 = -772. Let t be -69 + i + 8/(-1 - 1). What is w(t)?
-23
Let o(k) be the third derivative of 1/6*k**3 + 0*k + 21 + k**2 + 1/3*k**4. Calculate o(-1).
-7
Let s(u) = 7*u**2 - 22*u - 4. Let i(t) = -6*t**2 + 19*t + 6. Let q(f) = -6*i(f) - 5*s(f). Give q(-4).
16
Suppose l = -4*l + 10. Suppose -t - 4 = -l*t. Let p(x) = -x**2 - 11*x + 1. Let k(a) = 2*a**2 + 7*a. Let q(n) = k(n) + p(n). What is q(t)?
1
Let i(g) be the first derivative of -7/2*g**2 + 3*g**3 - 1/4